(-4).
-9
Let g(v) = -17*v + 103. Calculate g(6).
1
Let j(s) = 2*s**2 + 4*s - 20. Give j(-4).
-4
Let s(c) = c**2 + 11*c + 5. Give s(-10).
-5
Let d(b) = -2*b - 19. What is d(-10)?
1
Let p(z) = z - 3. Give p(-4).
-7
Let r(p) = 4*p**2 - 20*p + 42. Determine r(7).
98
Let t(v) = 10*v**3 + 2*v**2 + 2*v + 3. Determine t(-2).
-73
Let t(c) = -10*c**2 + 2*c + 7. What is t(2)?
-29
Let z(a) = a - 21. Calculate z(20).
-1
Let r(c) = -20*c**2 + c + 1. Determine r(-1).
-20
Let a(h) = h**2 + 14*h + 11. Give a(-13).
-2
Let l(i) = i**3 - 28*i**2 - 29*i - 19. Determine l(29).
-19
Let f(s) = 31*s**3 - s**2 + s. Give f(1).
31
Let m(h) = -h**2 + 29*h + 158. Calculate m(33).
26
Let b(y) = -4*y**2 - y - 7. Determine b(-3).
-40
Let y(o) = 2*o + 4. Give y(-5).
-6
Let h(y) = y**3 - 22*y**2 + 72*y - 2. What is h(18)?
-2
Let t(y) = -y - 7. What is t(-3)?
-4
Let a(q) = q**3 + 15*q**2 + 9*q - 18. What is a(-14)?
52
Let c(j) = j**3 - j**2 - 2*j + 2. Determine c(2).
2
Let a(i) = 4*i - 2. Calculate a(5).
18
Let z(j) = 3*j**2 + 55*j + 120. What is z(-16)?
8
Let p(w) = -19*w**2 + 15*w + 2. Give p(1).
-2
Let a(y) = y**2 + 13*y + 5. Determine a(-5).
-35
Let b(m) = -51*m - 259. What is b(-5)?
-4
Let g(c) = 33*c + 89. What is g(-3)?
-10
Let h(c) = -c**2 + 4*c - 2. Determine h(1).
1
Let i(c) = c**3 - c**2 + 3*c + 1. Determine i(2).
11
Let o(j) = 9*j + 73. What is o(-9)?
-8
Let p(c) = c**2 + 2*c - 365. Calculate p(18).
-5
Let r(q) = -q**3 - 11*q**2 - 9*q + 7. Calculate r(-10).
-3
Let r(w) = w**2 - 18*w + 67. What is r(15)?
22
Let j(y) = -3*y**3 + 52*y**2 - 15*y - 38. What is j(17)?
-4
Let c(z) = 3*z - 10. Calculate c(2).
-4
Let b(a) = -a**2 - 28*a - 120. Calculate b(-24).
-24
Let z(q) = -q**3 + 24*q**2 - 20*q - 49. Give z(23).
20
Let x(n) = 9*n - 3. Determine x(1).
6
Let c(w) = -w**3 + 13*w**2 + 9*w + 18. Calculate c(14).
-52
Let f(r) = 2*r + 25. Determine f(-18).
-11
Let h(d) = -d**3 - 8*d**2 + 9*d + 18. Calculate h(-9).
18
Let f(a) = -a - 3. Give f(3).
-6
Let y(z) = -5*z + 109. Calculate y(19).
14
Let l(k) = -k**2 - 4*k + 4. Calculate l(-4).
4
Let g(r) = r**2 + 17*r - 13. Give g(-17).
-13
Let s(v) = v**3 - 10*v**2 + 12*v - 5. Calculate s(8).
-37
Let j(b) = b**2 - 9*b. Give j(9).
0
Let w(x) = -x**2 - 19*x - 46. Determine w(-16).
2
Let j(h) = h**2 + 10*h - 6. What is j(-10)?
-6
Let z(g) = -g**3 - 3*g**2 + g - 5. What is z(0)?
-5
Let u(w) = -5*w - 6. What is u(-4)?
14
Let s(t) = 85*t + 84. What is s(-1)?
-1
Let u(m) = -3*m + 5. Give u(-4).
17
Let w(x) = x**3 + 7*x**2 + 2*x - 5. Calculate w(-6).
19
Let v(d) = -2*d**2 - 5. Determine v(0).
-5
Let m(s) = s**2 + 23*s - 32. Give m(-24).
-8
Let s(b) = -b**2 - 4*b + 7. Calculate s(-5).
2
Let h(t) = t**2 + 14*t + 18. What is h(-13)?
5
Let z(n) = n + 4. Calculate z(11).
15
Let y(u) = 3*u**3 - u**2 - u + 3. Determine y(2).
21
Let j(b) = -b**2 - b + 7. Calculate j(-6).
-23
Let w(y) = 12*y + 235. Give w(-19).
7
Let s(w) = w**3 + 12*w**2 - 12*w + 9. Determine s(-13).
-4
Let d(y) = -11*y - 55. What is d(-6)?
11
Let u(z) = z**3 - 47*z**2 + 52*z - 303. What is u(46)?
-27
Let v(d) = -2*d + 8. Calculate v(4).
0
Let n(h) = h**2 - 1. Give n(-2).
3
Let s(m) = -7*m + 236. Calculate s(33).
5
Let x(n) = n**3 + n**2 + 16. Determine x(0).
16
Let l(n) = -n**2 + 8*n + 9. What is l(-1)?
0
Let z(n) = -2*n - 2. Determine z(0).
-2
Let t(p) = 5*p + 60. Calculate t(-12).
0
Let x(k) = -k**3 - 11*k**2 + 5*k + 2. Determine x(-11).
-53
Let d(a) = 2*a**2 + 18*a - 24. Determine d(-10).
-4
Let o(a) = a**2 - 19*a + 19. Calculate o(17).
-15
Let y(u) = -u**3 - u**2 - 1. Determine y(-2).
3
Let s(r) = -42*r**2 + 3*r - 2. Calculate s(1).
-41
Let x(i) = i**3 - 5*i**2 + 7*i - 5. What is x(4)?
7
Let y(w) = -w**2 - 5*w + 19. What is y(-8)?
-5
Let n(q) = -3*q**3 - 6*q**2 - 6*q - 2. Determine n(-4).
118
Let a(y) = y**3 - 13*y**2 - 30*y + 3. Determine a(15).
3
Let n(l) = l**3 - 5*l**2 + 59*l - 504. Give n(7).
7
Let k(g) = g**2 - 7*g - 7. Give k(9).
11
Let j(a) = -2*a - 9. Calculate j(5).
-19
Let j(f) = 15*f - 3. Determine j(2).
27
Let a(y) = y**2 - 7*y + 1. Calculate a(5).
-9
Let g(d) = -d**2 + 14*d - 17. Determine g(15).
-32
Let w(m) = 19*m - 229. What is w(12)?
-1
Let j(y) = -5*y - 31. Give j(-10).
19
Let w(g) = -4*g**2 - 5*g - 8. Calculate w(-2).
-14
Let j(i) = -5*i**2 - i. Calculate j(-2).
-18
Let c(f) = f + 15. What is c(-23)?
-8
Let s(d) = 2*d**3 + 3*d**2 + 4*d - 3. Determine s(0).
-3
Let f(b) = -10*b - 16. Give f(-5).
34
Let d(s) = -s - 1. Determine d(12).
-13
Let n(q) = 17*q + 168. What is n(-10)?
-2
Let u(r) = r**3 + 3*r**2 - r + 5. Determine u(-4).
-7
Let g(z) = 4*z + 8. What is g(4)?
24
Let w(c) = c**3 - 13*c**2 + 14*c - 7. Calculate w(12).
17
Let a(n) = -n**2 + 2*n - 1. Calculate a(4).
-9
Let i(g) = g**3 - 4*g**2 - 15*g + 18. What is i(7)?
60
Let q(p) = 2*p**2 + 34*p - 76. Calculate q(-19).
0
Let c(g) = g**3 - 11*g**2 + 4*g - 23. Determine c(11).
21
Let x(a) = -a**3 + 11*a**2 - 9*a + 5. What is x(10)?
15
Let f(d) = 2*d**3 + 15*d**2 - 8*d - 107. What is f(-7)?
-2
Let k(w) = -4*w + 7. What is k(-17)?
75
Let w(m) = -13*m - 20. Give w(-4).
32
Let c(d) = d**2 + 12*d - 4. Calculate c(-11).
-15
Let b(h) = 11*h + 1. Give b(3).
34
Let t(i) = 6*i + 30. Give t(-5).
0
Let c(y) = -y**3 + 8*y**2 + 3*y - 18. Determine c(8).
6
Let j(t) = -t**3 + 15*t**2 + 51*t + 56. Determine j(18).
2
Let z(d) = 2*d**3 + 4*d**2 - 2*d - 4. Give z(-3).
-16
Let m(o) = -o**3 + 14*o**2 + 34*o - 29. What is m(16)?
3
Let a(o) = 2*o**2 - 29*o - 48. Determine a(15).
-33
Let t(p) = -p**2 + 7*p + 9. Determine t(11).
-35
Let k(u) = -37*u**2 + 12*u - 11. Give k(1).
-36
Let g(k) = k**3 - 11*k**2 - 12*k + 3. Calculate g(12).
3
Let u(r) = -r + 42. What is u(17)?
25
Let p(z) = -8*z + 74. Determine p(-6).
122
Let u(l) = 2*l**2 - 6*l - 14. Give u(6).
22
Let n(s) = -2*s**3 - 2*s + 1. Calculate n(-2).
21
Let d(y) = 14*y + 38. Calculate d(-3).
-4
Let b(x) = x**3 - 5*x**2 + 3*x + 4. Give b(4).
0
Let x(g) = g**2 - 5*g + 9. What is x(10)?
59
Let b(z) = 43*z + 184. What is b(-4)?
12
Let b(y) = y**3 - 2*y**2 + 2*y + 1. Give b(3).
16
Let q(u) = u**3 - 6*u**2 - 12*u + 3. Give q(8).
35
Let t(g) = -6*g + 3. Give t(10).
-57
Let n(r) = 3*r**2 + r. What is n(2)?
14
Let z(v) = v**3 + 22*v**2 - 20*v + 56. What is z(-23)?
-13
Let k(l) = 5*l + 8. Determine k(-7).
-27
Let o(w) = -11*w + 105. Give o(10).
-5
Let n(g) = -6*g**3 - 49*g**2 - 9*g + 3. Determine n(-8).
11
Let u(d) = d**3 - 9*d**2 - 11*d + 3. What is u(10)?
-7
Let z(n) = n**2 - 28*n + 33. Determine z(27).
6
Let v(g) = -g**2 + g + 2. What is v(4)?
-10
Let y(l) = -2*l**2 - 10*l - 16. What is y(-5)?
-16
Let l(n) = -n**3 + 7*n**2 + 7*n + 6. Determine l(8).
-2
Let h(u) = -5*u - 7. Calculate h(-14).
63
Let m(x) = 6*x + 37. What is m(3)?
55
Let t(a) = a**3 - 9*a**2 + 4*a + 4. What is t(8)?
-28
Let j(c) = 4*c - 7. Determine j(1).
-3
Let m(n) = 7*n + 1. What is m(12)?
85
Let r(q) = -19*q - 1. Give r(-2).
37
Let v(h) = -4*h - 23. Give v(-6).
1
Let g(q) = 2*q**2 + 3*q + 2. What is g(5)?
67
Let s(u) = -u**2 + 9*u + 18. What is s(11)?
-4
Let u(g) = 2*g**2 - 36*g + 7. Determine u(17).
-27
Let r(g) = -8*g - 1. What is r(1)?
-9
Let x(r) = r - 4. Determine x(2).
-2
Let t(v) = v. Determine t(6).
6
Let a(u) = u**2 - 28*u + 80. What is a(25)?
5
Let l(w) = -w**2 + 27*w + 120. Determine l(-4).
-4
Let l(q) = -8*q - 362. What is l(-46)?
6
Let h(i) = -2*i - 29. What is h(-28)?
27
Let b(g) = g + 10. Give b(9).
19
Let s(x) = 16*x + 2. Calculate s(-1).
-14
Let i(m) = m**2 - 3*m - 36. What is i(7)?
-8
Let l(q) = q**2 + 14*q + 23. Calculate l(-13).
10
Let q(j) = j**3 - 5*j**2 - 6*j - 7. Determine q(5).
-37
Let b(u) = 7*u + 13. Determine b(-3).
-8
Let s(o) = o**2 + 3*o - 8. Give s(-4).
-4
Let o(y) = y**2 + 48*y - 85. Calculate o(-49).
-36
Let p(j) = 10*j**3 + j**2 - 2*j - 2. What is p(-1)?
-9
Let l(y) = 3*y**2 + 17*y + 1. What is l(-4)?
-19
Let z(x) = x**3 - 6*x**2 - 2*x - 10. Calculate z(7).
25
Let v(k) = k**2 - 2*k - 11. Give v(-4).
13
Let h(m) = -56*m**3 - m**2 - 2*m - 1. Calculate h(-1).
56
Let h(l) = 4*l + 15. Determine h(-4).
-1
Let b(w) = w**2 + 31*w + 237. Calculate b(-13).
3
Let p(l) = -23*l**2 - l. What is p(1)?
-24
Let l(t) = t**2 + 18*t + 56. Determine l(-13).
-9
Let c(u) = -u**3 - 9*u**2 + 13*u + 15. Determine c(-10).
-15
Let c(g) = 4*g + 21. Calculate c(-10).
-19
Let m(r) = -3*r - 43. Calculate m(-16).
